{"id":5654,"date":"2025-09-30T11:59:48","date_gmt":"2025-09-30T10:59:48","guid":{"rendered":"https:\/\/www.worldsocialism.org\/wsm\/?page_id=5654"},"modified":"2025-09-30T11:59:48","modified_gmt":"2025-09-30T10:59:48","slug":"despues-de-la-revolucion-gestion-del-medio-ambiente","status":"publish","type":"page","link":"https:\/\/www.worldsocialism.org\/wsm\/despues-de-la-revolucion-gestion-del-medio-ambiente\/","title":{"rendered":"Despu\u00e9s de la revoluci\u00f3n: gesti\u00f3n del medio ambiente"},"content":{"rendered":"\r\n\r\n<p>Para cuando se establezca el socialismo, el cambio clim\u00e1tico y la degradaci\u00f3n de los recursos habr\u00e1n tenido un impacto a\u00fan mayor que en la actualidad. Entonces, \u00bfc\u00f3mo podr\u00eda una sociedad socialista adaptarse para estar en armon\u00eda con el medio ambiente? Dependiendo de la duraci\u00f3n de la espera, los muchos factores que deben considerarse seriamente incluyen la inseguridad clim\u00e1tica, la inseguridad energ\u00e9tica y la inseguridad alimentaria. Estos, juntos, revelan la necesidad absoluta de ir m\u00e1s all\u00e1 de los l\u00edmites del monoacultivo industrial. <\/p>\r\n<p>El socialismo global inclusivo es un mundo sin un sistema de ganancia monetaria, a diferencia de hoy, donde el capital gobierna cada faceta y dimensi\u00f3n de nuestras vidas. Hay muchos trabajos derrochadores en el capitalismo, no productivos en el sentido de estar relacionados \u00fanicamente con el dinero, cuando lo que tanto necesitamos es ser productivos de manera que satisfagan nuestras necesidades y  que trabajen en armon\u00eda con la naturaleza, con nuestro biosistema. Es imperativo que se restablezca el equilibrio que se ha destruido gradualmente a partir de la revoluci\u00f3n industrial. <\/p>\r\n<p><strong>Monocultivo versus diversidad<\/strong><\/p>\r\n<p>Toda la vida en este planeta tiene tres necesidades b\u00e1sicas: aire, agua y alimentos. Por duro que parezca, todo lo dem\u00e1s podr\u00eda verse como una ventaja. Al abordar los numerosos desaf\u00edos que tenemos por delante, tambi\u00e9n debemos reconocer que estos problemas no pueden abordarse desde una perspectiva puramente brit\u00e1nica, ni europea, norteamericana o cualquier otro enfoque territorial \u00fanico. Todas las \u00e1reas del mundo est\u00e1n juntas en esto y, a menos que estemos preparados para tener eso en cuenta, no hay posibilidad de remediar con \u00e9xito los problemas creados por nuestro \u00fanico problema com\u00fan: el sistema capitalista. <\/p>\r\n<p>Es de conocimiento com\u00fan a nivel mundial ahora que estos elementos esenciales b\u00e1sicos (aire, agua, alimentos) est\u00e1n contaminados de manera consistente y continua como resultado de la forma en que funciona el sistema actual, con fines de lucro, no para el bien p\u00fablico o planetario. El socialismo puede centrarse en una producci\u00f3n de alimentos m\u00e1s localizada basada en la experiencia del conocimiento local de la gran variedad de semillas y plantas disponibles. El control estar\u00e1 fuera de las manos de las corporaciones multinacionales actuales que han degradado constantemente el suelo, el agua y el aire en nombre de las ganancias. El objetivo ser\u00e1 alimentos sanos y no contaminados. <\/p>\r\n<p>La necesidad de hacer hincapi\u00e9 en la agricultura local y regional contrasta con todos los diversos problemas que la agricultura globalizada ha causado en todo el mundo. Un ejemplo de muchos revela c\u00f3mo el sistema monetario en la India ha llevado a mayores discrepancias entre el acceso del &#8220;mundo rico\/mundopobre&#8221; a los alimentos. Las multinacionales se han apoderado de grandes extensiones de tierras agr\u00edcolas para cultivar frutas y verduras frescas para la exportaci\u00f3n, lo que ha requerido la importaci\u00f3n de trigo y arroz (anteriormente cultivados localmente) de Am\u00e9rica del Norte. Antes de este robo de tierras, los agricultores en sus propias parcelas m\u00e1s peque\u00f1as proporcionaban m\u00e1s de lo necesario de una variedad de cultivos. Pero ahora millones son agricultores sin tierra que trabajan para grandes corporaciones o se han mudado a las ciudades en busca de cualquier trabajo disponible. Dos resultados negativos son el aumento de la contaminaci\u00f3n del aire por los cultivos frescos que vuelan por el aire y el aumento de la contaminaci\u00f3n por el transporte mar\u00edtimo de cultivos de granos; y las grandes cantidades de agua necesarias para regar esos cultivos est\u00e1n robando el agua que tanto necesitan muchas comunidades locales. Si bien agrava el cambio clim\u00e1tico, la agricultura mundial industrializada dependiente de los combustibles f\u00f3siles no puede cambiar dentro del sistema actual. Este comercio capitalista globalizado est\u00e1 da\u00f1ando severamente el planeta y todas sus diversas formas de vida, y continuar en ese camino en el socialismo no es ni deseable ni viable. <\/p>\r\n<p>Cuando se considera racionalmente, no hay absolutamente ninguna competencia entre el capitalismo y el socialismo en el campo de la agricultura. El sistema alimentario industrial se basa en el petr\u00f3leo; los sistemas alimentarios biodiversos, org\u00e1nicos y locales se basan en suelos vivos. El sistema industrial crea residuos y contaminaci\u00f3n nociva masiva; la agricultura viva se basa en el no desperdicio. <\/p>\r\n<p><strong>\u00bf&#8217; Capitalismo verde&#8217;?<\/strong><\/p>\r\n<p>Lo que actualmente se considera desperdicio en la agricultura est\u00e1 aliado al sistema de ganancias. Cualquier costo inevitable se transfiere a terceros o simplemente a la naturaleza. Estas externalidades vienen en muchas formas. Las piscinas masivas de excrementos de la cr\u00eda de ganado, cerdos y aves de corral en grandes cantidades en confinamiento son bien conocidas por la contaminaci\u00f3n y el expolio de los sistemas de agua locales. La producci\u00f3n de monocultivos basados en productos qu\u00edmicos (pesticidas, herbicidas y fertilizantes) envenena regularmente el aire, el agua, el suelo y el cultivo, afectando negativamente tanto a los trabajadores agr\u00edcolas, la poblaci\u00f3n local y los clientes que compran alimentos contaminados qu\u00edmicamente. <\/p>\r\n<p>La agricultura org\u00e1nica tiene poco o ning\u00fan desperdicio. Los cultivos verdes se reciclan en el suelo para agregar o fijar nitr\u00f3geno. Los &#8220;desechos&#8221; animales se devuelven como enriquecimiento al suelo, no se liberan en el sistema de agua. Los animales se alimentan con dietas naturales, no con brebajes qu\u00edmicos dados para aumentar los rendimientos de leche, huevo o carne. Hay mucha evidencia que muestra los peligros de los muchos productos qu\u00edmicos impuestos a los animales, aves y peces criados industrialmente, incluido el aumento de enfermedades, muertes y alergias para algunas de las cuales las megacorporaciones est\u00e1n teniendo que pagar cantidades r\u00e9cord de compensaci\u00f3n despu\u00e9s de largos casos judiciales. <\/p>\r\n<p>Un ciclo alimentario adecuado y natural, no este circo qu\u00edmico que se nos ha impuesto, y un sistema de producci\u00f3n m\u00e1s localizado que reduzca radicalmente las millas de transporte, juntos nos dar\u00e1n alimentos, aire y agua m\u00e1s frescos y saludables. <\/p>\r\n<p>Una interpretaci\u00f3n amplia de c\u00f3mo ser\u00e1 el socialismo en la pr\u00e1ctica ser\u00e1 vital si queremos seguir sobreviviendo en este planeta. Existen muchas culturas diferentes y variadas en todo el mundo con costumbres muy variadas y m\u00e9todos probados para la sostenibilidad, bajo uso de energ\u00eda y una forma de vida m\u00e1s relajada que muchas en nuestro llamado mundo &#8220;desarrollado&#8221;. En este contexto y con respecto a la fuerza motriz &#8220;neoliberal&#8221; de la &#8220;globalizaci\u00f3n&#8221;, que impacta negativamente en el planeta al cosechar riquezas sin dudar ni preocuparse por la desintegraci\u00f3n de los ecosistemas, \u00bfcu\u00e1l ser\u00e1 la relaci\u00f3n entre estas diferentes culturas? \u00bfSon los coches el\u00e9ctricos, desde la producci\u00f3n hasta sus \u00fatiles a\u00f1os de trabajo, o la energ\u00eda e\u00f3lica como alternativa al suministro de energ\u00eda actual realmente la verdadera respuesta a algunos de nuestros problemas? \u00bfO son solo ideas &#8220;verdes&#8221; de la comunidad empresarial que todav\u00eda est\u00e1n buscando ganancias? <\/p>\r\n<p>Hay m\u00faltiples grupos ecologistas en todo el mundo que piden a los gobiernos que cumplan con varios est\u00e1ndares o protocolos, pero si invertimos alguna esperanza en el progreso obtenido de las reuniones y protestas, seguramente nos sentir\u00edamos decepcionados. Desde la primera Conferencia de las Partes (COP) en 1995, las emisiones de carbono para 2018 hab\u00edan aumentado en un 40 por ciento. Se espera que las medidas actualmente propuestas por los participantes de la COP resulten en un calentamiento de 3 \u00b0 C desde mediados del siglo 18, con algunos cient\u00edficos l\u00edderes pronosticando al menos 4 \u00b0 C.  Seg\u00fan Neil Faulkner de Anti-Capitalist Resistance, &#8220;La contaminaci\u00f3n industrial destruye nuestro ecosistema y la agroindustria genera ola tras ola de pat\u00f3genos asesinos &#8230; El capitalismo monopolista globalizado y financiarizado se ha convertido en una amenaza existencial para la vida en la Tierra&#8221;.<\/p>\r\n<p>\u00bfCu\u00e1ntas personas se dieron cuenta de que el 5 de junio era el D\u00eda Mundial del Medio Ambiente? Establecido por la Asamblea General de la ONU en 1972, hace 49 a\u00f1os, el tema de este a\u00f1o fue &#8220;Restauraci\u00f3n de ecosistemas&#8221;, tambi\u00e9n declarado como la d\u00e9cada para la restauraci\u00f3n de ecosistemas. P\u00f3ngalo en su diario y compru\u00e9belo en 2030. <\/p>\r\n<p>En abril, la Cumbre del Premio Nobel &#8220;Nuestro planeta, nuestro futuro&#8221; anunci\u00f3 una amenaza para &#8220;los enormes avances que hemos logrado en el progreso humano&#8221; y que &#8220;la pr\u00f3xima d\u00e9cada es crucial: las emisiones globales de gases de efecto invernadero deben reducirse a la mitad y la destrucci\u00f3n de la naturaleza debe detenerse y revertirse&#8221;. Desafortunadamente, los participantes est\u00e1n claros y firmemente enredados en la mentalidad del capitalismo. \u00bfDe qu\u00e9 otra manera debemos interpretar esta tonter\u00eda de su declaraci\u00f3n acordada? &#8220;Las externalidades econ\u00f3micas, ambientales y sociales deben tener un precio justo&#8221; (nuestro \u00e9nfasis) y &#8220;Complementar el PIB como una m\u00e9trica del \u00e9xito econ\u00f3mico con medidas de verdadero bienestar de las personas y la naturaleza&#8221;. Mientras tanto, las recientes reuniones de la Cumbre de Sistemas Alimentarios de la ONU (Roma, Nueva York) llevaron a delegados de todo el planeta para alojarse en algunos hoteles de lujo. Nos preguntamos cu\u00e1nto contribuyeron a la salud del medio ambiente. <\/p>\r\n<p> (Socialist Standard, octubre de 2021) <\/p>\r\n\r\n\r\n\r\n","protected":false},"excerpt":{"rendered":"<p>Para cuando se establezca el socialismo, el cambio clim\u00e1tico y la degradaci\u00f3n de los recursos habr\u00e1n tenido un impacto a\u00fan mayor que en la actualidad. Entonces, \u00bfc\u00f3mo podr\u00eda una sociedad socialista adaptarse para estar en armon\u00eda con el medio ambiente? Dependiendo de la duraci\u00f3n de la espera, los muchos factores que deben considerarse seriamente incluyen&#8230;<\/p>\n","protected":false},"author":39790,"featured_media":0,"parent":0,"menu_order":0,"comment_status":"closed","ping_status":"closed","template":"","meta":{"magazine_newspaper_sidebar_layout":"","footnotes":""},"class_list":["post-5654","page","type-page","status-publish","hentry"],"_links":{"self":[{"href":"https:\/\/www.worldsocialism.org\/wsm\/wp-json\/wp\/v2\/pages\/5654","targetHints":{"allow":["GET"]}}],"collection":[{"href":"https:\/\/www.worldsocialism.org\/wsm\/wp-json\/wp\/v2\/pages"}],"about":[{"href":"https:\/\/www.worldsocialism.org\/wsm\/wp-json\/wp\/v2\/types\/page"}],"author":[{"embeddable":true,"href":"https:\/\/www.worldsocialism.org\/wsm\/wp-json\/wp\/v2\/users\/39790"}],"replies":[{"embeddable":true,"href":"https:\/\/www.worldsocialism.org\/wsm\/wp-json\/wp\/v2\/comments?post=5654"}],"version-history":[{"count":2,"href":"https:\/\/www.worldsocialism.org\/wsm\/wp-json\/wp\/v2\/pages\/5654\/revisions"}],"predecessor-version":[{"id":5656,"href":"https:\/\/www.worldsocialism.org\/wsm\/wp-json\/wp\/v2\/pages\/5654\/revisions\/5656"}],"wp:attachment":[{"href":"https:\/\/www.worldsocialism.org\/wsm\/wp-json\/wp\/v2\/media?parent=5654"}],"curies":[{"name":"wp","href":"https:\/\/api.w.org\/{rel}","templated":true}]}}