{"id":5542,"date":"2025-09-04T12:08:09","date_gmt":"2025-09-04T11:08:09","guid":{"rendered":"https:\/\/www.worldsocialism.org\/wsm\/?page_id=5542"},"modified":"2025-09-04T12:08:09","modified_gmt":"2025-09-04T11:08:09","slug":"lo-que-nos-distingue","status":"publish","type":"page","link":"https:\/\/www.worldsocialism.org\/wsm\/lo-que-nos-distingue\/","title":{"rendered":"Lo que nos distingue"},"content":{"rendered":"\r\n\r\n<p>El Movimiento Socialista Mundial: .<\/p>\r\n \r\n<p>1.\tafirma que el socialismo ser\u00e1, y debe ser, una sociedad sin salarios ni dinero, una sociedad mundial basada sobre la propiedad com\u00fan (y no estatal) y el control democr\u00e1tico de todos los medios de producci\u00f3n y distribuci\u00f3n de las riquezas de la sociedad.<\/p>\r\n \r\n<p>2. afirma que el socialismo ser\u00e1 un cambio profundo respecto al capitalismo, sin ning\u00fan \u201cperiodo de transici\u00f3n\u201d, ni realizaci\u00f3n gradual del socialismo (aunque el socialismo ser\u00e1 una sociedad din\u00e1mica y cambiante una vez establecido) .<\/p> \r\n \r\n<p>3. afirma que no puede haber Estado alguno en una sociedad socialista.<\/p>\r\n \r\n<p>4. afirma que no pueden haber clases sociales en una sociedad socialista.<\/p>\r\n \r\n<p>5. s\u00f3lo promueve el socialismo como objectivo inmediato.<\/p>\r\n \r\n<p>6. afirma que s\u00f3lo la gran mayor\u00eda, actuando de forma consciente en sus propios intereses, por s\u00ed misma, y para s\u00ed misma, podr\u00e1 crear el socialismo.<\/p>\r\n \r\n<p>7. se opone a cualquier enfoque vanguardista, a movimientos dirigidos por minor\u00edas, y al liderazgo, por ser inherentemente antidemocr\u00e1ticos (entre otras cosas negativas) .<\/p>\r\n \r\n<p>8. promueve una revoluci\u00f3n pac\u00edfica y democr\u00e1tica, obtenida a trav\u00e9s de la fuerza de los m\u00e1s y de la comprensi\u00f3n.<\/p>\r\n \r\n<p>9. no promueva, ni tampoco se opone a las reformas.<\/p>\r\n \r\n<p>10. afirma que existe una \u00fanica clase trabajadora en el mundo.<\/p>\r\n \r\n<p>11. establece los fundamentos de lo que debe ser una sociedad socialista, pero no se compromete en decir c\u00f3mo funcionar\u00e1 la futura sociedad socialista.<\/p>\r\n \r\n<p>12. promueve un enfoque badado en el materialismo hist\u00f3rico \u2013 la verdadera comprensi\u00f3n.<\/p>\r\n \r\n<p>13. afirma que la religi\u00f3n es un asunto social, no personal, y que la religi\u00f3n es incompatible con la comprensi\u00f3n socialista.<\/p>\r\n \r\n<p>14. busca ser elegido para facilitar la eliminaci\u00f3n del capitalismo por una gran mayor\u00eda socialista, no para gobernar el capitalismo. .<\/p>\r\n \r\n<p>15. afirma que el leninismo es una distorci\u00f3n del an\u00e1lisis marxista.<\/p>\r\n \r\n<p>16. se opone a todas las guerras y proclama que el socialismo acabar\u00e1 con las guerras, incluida la \u201cguerra\u201d entre las clases sociales.<\/p>\r\n \r\n<p>17. reconoci\u00f3, en 1918, que la Revoluci\u00f3n bolchevique no era socialista, y hab\u00eda observado con anterioridad que Rusia no estaba lista para una revoluci\u00f3n socialista.<\/p>\r\n \r\n<p>18. fue el primero en reconocer que la ex URSS, China, Cuba y dem\u00e1s llamados \u201cpa\u00edses socialistas\u201d no eran socialistas, sino m\u00e1s bien capitalistas de Estado.<\/p>\r\n\r\n\r\n \r\n","protected":false},"excerpt":{"rendered":"<p>El Movimiento Socialista Mundial: . 1. afirma que el socialismo ser\u00e1, y debe ser, una sociedad sin salarios ni dinero, una sociedad mundial basada sobre la propiedad com\u00fan (y no estatal) y el control democr\u00e1tico de todos los medios de producci\u00f3n y distribuci\u00f3n de las riquezas de la sociedad. 2. afirma que el socialismo ser\u00e1&#8230;<\/p>\n","protected":false},"author":39790,"featured_media":0,"parent":0,"menu_order":0,"comment_status":"closed","ping_status":"closed","template":"","meta":{"magazine_newspaper_sidebar_layout":"","footnotes":""},"class_list":["post-5542","page","type-page","status-publish","hentry"],"_links":{"self":[{"href":"https:\/\/www.worldsocialism.org\/wsm\/wp-json\/wp\/v2\/pages\/5542","targetHints":{"allow":["GET"]}}],"collection":[{"href":"https:\/\/www.worldsocialism.org\/wsm\/wp-json\/wp\/v2\/pages"}],"about":[{"href":"https:\/\/www.worldsocialism.org\/wsm\/wp-json\/wp\/v2\/types\/page"}],"author":[{"embeddable":true,"href":"https:\/\/www.worldsocialism.org\/wsm\/wp-json\/wp\/v2\/users\/39790"}],"replies":[{"embeddable":true,"href":"https:\/\/www.worldsocialism.org\/wsm\/wp-json\/wp\/v2\/comments?post=5542"}],"version-history":[{"count":2,"href":"https:\/\/www.worldsocialism.org\/wsm\/wp-json\/wp\/v2\/pages\/5542\/revisions"}],"predecessor-version":[{"id":5544,"href":"https:\/\/www.worldsocialism.org\/wsm\/wp-json\/wp\/v2\/pages\/5542\/revisions\/5544"}],"wp:attachment":[{"href":"https:\/\/www.worldsocialism.org\/wsm\/wp-json\/wp\/v2\/media?parent=5542"}],"curies":[{"name":"wp","href":"https:\/\/api.w.org\/{rel}","templated":true}]}}