{"id":5443,"date":"2025-09-02T16:17:53","date_gmt":"2025-09-02T15:17:53","guid":{"rendered":"https:\/\/www.worldsocialism.org\/wsm\/?page_id=5443"},"modified":"2025-09-02T16:17:53","modified_gmt":"2025-09-02T15:17:53","slug":"el-concepto-del-estado-marx-versus-lenin","status":"publish","type":"page","link":"https:\/\/www.worldsocialism.org\/wsm\/el-concepto-del-estado-marx-versus-lenin\/","title":{"rendered":"El concepto del Estado: Marx versus Lenin"},"content":{"rendered":" \r\n<p>Muchas personas asumen que Marx cre\u00eda que la clase obrera s\u00f3lo pod\u00eda tomar el poder por medio de la destrucci\u00f3n del estado en un levantamiento violento. Muchos no se han dado cuenta que tal punto de vista fue creado por Lenin, y que trat\u00f3 de pasarlo como una opini\u00f3n de Marx en su deshonesto panfleto llamado: <em>El Estado y la Revoluci\u00f3n<\/em>. <\/p>\r\n<p>La teor\u00eda del estado de Marx es muy clara.  Cuando las viejas comunidades comunistas bajo la cual originalmente la humanidad vivi\u00f3 se fragment\u00f3 en sociedades divididas en clases,  una nueva instituci\u00f3n para proteger los intereses de la clase dominante se necesit\u00f3. Esa instituci\u00f3n es el estado, el cual esencialmente es un centro armado para el control social. <\/p>\r\n<p>La clase que puede controlar el estado tambi\u00e9n puede controlar la sociedad, por medio de la fuerza, y esa es la clase dominante. A trav\u00e9s del curso de la historia el estado ha sido controlado por varias clases,  Antigua clase esclavista, los barones del feudalismo, y ahora la moderna  clase capitalista. <\/p>\r\n<p>Hoy en d\u00eda la clase subordinada s\u00f3lo puede obtener su libertad por s\u00ed misma ganando el control del estado y us\u00e1ndolo para abolir la sociedad de clases y para establecer la posesi\u00f3n com\u00fan y el control democr\u00e1tico de los medios de producci\u00f3n. Con el fin de las clases la necesidad del estado, como una fuerza especial de coerci\u00f3n tambi\u00e9n desaparece. <\/p>\r\n<p>El socialismo  es una sociedad sin clase donde no existir\u00e1 estado, sino simplemente un centro de administraci\u00f3n democr\u00e1tica para resolver los problemas sociales. <\/p>\r\n<p>A trav\u00e9s de toda su vida pol\u00edtica Marx insisti\u00f3 que la clase obrera debe capturar el Estado antes de tratar de establecer el socialismo, y que el socialismo ser\u00eda una sociedad sin clases. <\/p>\r\n<p>Durante los tiempos de Marx se esperaba que los trabajadores solamente pod\u00edan ganar el poder del estado por medio de una insurrecci\u00f3n violenta. En los a\u00f1os del 1840 esta no era una proposici\u00f3n  irrazonable. El sufragio universal apenas exist\u00eda en algunos lugares, y las insurrecciones, barricadas, los enfrentamientos callejeros, la toma de edificios p\u00fablicos, eran  m\u00e9todos usados hasta por los pol\u00edticos burgueses. <\/p>\r\n<p>M\u00e1s tarde Marx se dio cuenta que el sufragio universal era un m\u00e9todo alternativo que los trabajadores pod\u00edan usar en su lucha para ganar el poder del Estado. En 1872 en un discurso en la Hague donde se celebr\u00f3 el primer congreso de la Primera Internacional, Marx coment\u00f3 que \u00e9l pensaba que los obreros pod\u00edan ganar pac\u00edficamente el poder del Estado en lugares como en EEUU de Am\u00e9rica,  Gran Breta\u00f1a, y quiz\u00e1s Holanda,  pa\u00edses donde exist\u00edan mayor\u00eda de votantes. <\/p>\r\n<p>En 1880 un Partido Obrero fue fundado en Francia. Su manifiesto fue escrito  en el estudio de Marx y hablaba de transformar el fraude del sufragio universal en un agente de emancipaci\u00f3n\u201d. Engels en su introducci\u00f3n a el libro de Marx  <em>La lucha de clases en Francia<\/em> (un recuento de hechos ocurridos en Francia en el 1848 a 1850) expreso de c\u00f3mo \u00e9l y Marx llegaron a considerar a las insurrecciones  detr\u00e1s de barricadas como una arma obsoleta para la clase trabajadora, y que el sufragio universal pod\u00eda ser un m\u00e9todo m\u00e1s efectivo. <\/p>\r\n<p>M\u00e1s tarde Marx dej\u00f3 abierta la cuesti\u00f3n de c\u00f3mo la clase trabajadora podr\u00eda ganar el poder del estado, pero no descarto la posibilidad de ganar el control del estado por medios pac\u00edficos. <\/p>\r\n<p>De lo que deber\u00eda hacer la clase obrera  con el Estado tan pronto ellos hubieran ganado el control de \u00e9l, Marx siempre insisti\u00f3 que ellos deber\u00edan inmediatamente establecer una rep\u00fablica democr\u00e1tica. Despu\u00e9s de la Comuna de Paris del 1871, el declar\u00f3 que se hacer otros cambios m\u00e1s radicales en la estructura del estado y que lo pod\u00edan usar para establecer el socialism. <\/p>\r\n<p>La comuna de Paris fue un r\u00e9gimen ultra-democr\u00e1tico establecido por elementos patriotas despu\u00e9s de la derrota de Francia en la guerra Franco-Prusiana. Despu\u00e9s de la revoluci\u00f3n francesa Napole\u00f3n hab\u00eda construido la administraci\u00f3n burocr\u00e1tica de una enorme maquinaria del Estado. Esta hab\u00eda permanecido intacta a trav\u00e9s del siglo XIX a pesar de las insurrecciones del 1830 y 1848. Solamente un r\u00e9gimen hab\u00eda tratado de reemplazarlo, y este fue la Comuna de Paris. <\/p>\r\n<p>Este intento impresion\u00f3 grandemente a Marx, y lo gui\u00f3 a \u00e9l para argumentar que los trabajadores, tan pronto hubieran ganado el poder del estado deber\u00edan romper esta clase de aparato burocr\u00e1tico del estado que hab\u00eda crecido en muchos otros de Europa. <\/p>\r\n\r\n<p>En sus notas y cartas privadas  Marx algunas veces llam\u00f3 a este periodo durante el cual los trabajadores  estar\u00edan usando el poder del Estado para establecer el socialismo bajo el t\u00e9rmino de \u201cdictadura del proletariado\u201d. Este periodo ha sido mal entendido para indicar que el evocaba una dictadura en el sentido como la palabra es usada hoy en d\u00eda. De hecho, durante los tiempos de Marx la palabra quer\u00eda decir gobierno, y as\u00ed como hemos visto Marx dec\u00eda que mientras el estado estuviera bajo el control de la clase proletaria este deber\u00eda ser democr\u00e1tico. <\/p>\r\n<p>Los puntos de vista de Marx pueden ser abreviados de la siguiente manera: <\/p>\r\n\r\n<p>1) La clase trabajadora debe primero obtener el control del Estado.<\/p>\r\n<p>2) Luego deben hacerlo completamente democr\u00e1tico, y<\/p>\r\n<p>3) usarlo para despojar a los capitalistas y establecer la posesi\u00f3n y el control democr\u00e1tico de los medios de producci\u00f3n.<\/p>\r\n<p>4) Hecho esto, no habr\u00e1 m\u00e1s necesidad del Estado, el cual consecuentemente cesar\u00e1 de existir en el Socialismo.<\/p>\r\n\u3000 \r\n<p>Los puntos de vistas de Marx fueron distorsionados de dos maneras opuestas: <\/p>\r\n<p>Primeramente, por algunos Socialdem\u00f3crata que hablaron sobre una gradual y pac\u00edfica transici\u00f3n hacia el socialismo por medio de reformas sociales aprobadas por medio de un parlamento. <\/p>\r\n<p>Segundamente, las distorsiones hechas por Lenin. <\/p>\r\n<p>Cuando Lenin regres\u00f3 a Rusia en Abril del 1917 despu\u00e9s de que el Zar fue derrocado comenz\u00f3 a establecer que su partido, los Bolcheviques, deber\u00edan tomar el poder en un futuro cercano. \u00c9l sab\u00eda que ellos solo lo pod\u00edan hacer por medio de un levantamiento violento. Forzado a mantenerse en la clandestinidad en Agosto y Septiembre Lenin escribi\u00f3 su panfleto <em>El Estado y la Revoluci\u00f3n<\/em> en el cual distorsion\u00f3 los puntos de vista de Marx, as\u00ed justifica en t\u00e9rminos Marxista la planificada insurrecci\u00f3n de los Bolcheviques. <\/p>\r\n<p>La distorsi\u00f3n b\u00e1sica de Lenin es tomar la declaraci\u00f3n de Marx sobre la necesidad de romper la maquinaria burocr\u00e1tica Napole\u00f3nica despu\u00e9s que los trabajadores hayan ganado el poder, y argumentaba que \u00e9l se refer\u00eda sobre  el Estado de una manera general. De esta manera se dio a entender que Marx establec\u00eda que el Estado deb\u00eda ser destruido por la clase trabajadora antes de que pudieran ganar, o mientras estuvieran ganando el poder. <\/p>\r\n\u3000\r\n","protected":false},"excerpt":{"rendered":"<p>Muchas personas asumen que Marx cre\u00eda que la clase obrera s\u00f3lo pod\u00eda tomar el poder por medio de la destrucci\u00f3n del estado en un levantamiento violento. Muchos no se han dado cuenta que tal punto de vista fue creado por Lenin, y que trat\u00f3 de pasarlo como una opini\u00f3n de Marx en su deshonesto panfleto&#8230;<\/p>\n","protected":false},"author":39790,"featured_media":0,"parent":0,"menu_order":0,"comment_status":"closed","ping_status":"closed","template":"","meta":{"magazine_newspaper_sidebar_layout":"","footnotes":""},"class_list":["post-5443","page","type-page","status-publish","hentry"],"_links":{"self":[{"href":"https:\/\/www.worldsocialism.org\/wsm\/wp-json\/wp\/v2\/pages\/5443","targetHints":{"allow":["GET"]}}],"collection":[{"href":"https:\/\/www.worldsocialism.org\/wsm\/wp-json\/wp\/v2\/pages"}],"about":[{"href":"https:\/\/www.worldsocialism.org\/wsm\/wp-json\/wp\/v2\/types\/page"}],"author":[{"embeddable":true,"href":"https:\/\/www.worldsocialism.org\/wsm\/wp-json\/wp\/v2\/users\/39790"}],"replies":[{"embeddable":true,"href":"https:\/\/www.worldsocialism.org\/wsm\/wp-json\/wp\/v2\/comments?post=5443"}],"version-history":[{"count":4,"href":"https:\/\/www.worldsocialism.org\/wsm\/wp-json\/wp\/v2\/pages\/5443\/revisions"}],"predecessor-version":[{"id":5453,"href":"https:\/\/www.worldsocialism.org\/wsm\/wp-json\/wp\/v2\/pages\/5443\/revisions\/5453"}],"wp:attachment":[{"href":"https:\/\/www.worldsocialism.org\/wsm\/wp-json\/wp\/v2\/media?parent=5443"}],"curies":[{"name":"wp","href":"https:\/\/api.w.org\/{rel}","templated":true}]}}