{"id":3377,"date":"2020-12-20T02:31:16","date_gmt":"2020-12-20T02:31:16","guid":{"rendered":"https:\/\/www.worldsocialism.org\/wsm\/?page_id=3377"},"modified":"2025-09-03T12:39:45","modified_gmt":"2025-09-03T11:39:45","slug":"rosa-luxemburgo-y-la-cuestion-nacional-2","status":"publish","type":"page","link":"https:\/\/www.worldsocialism.org\/wsm\/rosa-luxemburgo-y-la-cuestion-nacional-2\/","title":{"rendered":"Rosa Luxemburg y la Cuesti\u00f3n Nacional"},"content":{"rendered":"\r\n<p><br>\u00bfHay un &#8221; derecho de las naciones a la autodeterminaci\u00f3n &#8221; del cual<br>los Socialistas debieran ser partidarios? Esta fue la cuesti\u00f3n<br>debatida por los Socialdem\u00f3cratas antes de la primera guerra mundial,<br>especialmente en Rusia y en Austria, ambos imperios multinacionales<br>por aqu\u00e9l entonces. Lenin, fiel a su visi\u00f3n oportunista de que<br>cualquier slogan era \u00fatil si ayudaba, dijo s\u00ed a &#8221; movilizar a las<br>masas &#8220;. Entre los que contestaron no, estaba Rosa Luxemburg.<br><br>Que esto fue as\u00ed, hace bastante lo sabemos, pero hasta la reciente<br>publicaci\u00f3n de una selecci\u00f3n de sus escritos sobre The National<br>Question (editada por Horace B. Davis, Monthly Review Press), no<br>hab\u00edamos tenido la oportunidad de juzgar el valor de los argumentos<br>por ella empleados. Que sus escritos en la materia -contrariamente a<br>aquellos sobre econom\u00eda y otras cuestiones- hayan permanecido<br>inasequibles por tanto tiempo no es accidental. Los publicistas de<br>izquierda simplemente no estuvieron interesados en publicar la cr\u00edtica<br>de lo que se ha convertido en un dogma en los c\u00edrculos de izquierda:<br>que los Socialistas est\u00e1n moralmente obligados a apoyar las luchas por<br>la &#8220;liberaci\u00f3n nacional&#8221;.<br><br>Rosa Luxemburg naci\u00f3 en 1871 en Zanosc (aunque fue criada en<br>Varsovia), el cual en los mapas actuales es un pueblo en el este de<br>Polonia, cercano a la frontera con Rusia. Pero en 1871, era parte del<br>Imperio Ruso, ya que Polonia no exist\u00eda como Estado independiente<br>desde 1795. Durante el per\u00edodo 1772-1795, Polonia hab\u00eda sido de hecho<br>repartida entre Rusia, Austria y Prusia. Cerca de un 2\/5 de la Polonia<br>anterior a 1772 fue para Rusia, y aproximadamente un 1\/5, tanto para<br>Prusia como para Austria.<br><br>Cuando el movimiento socialdem\u00f3crata creci\u00f3 en Alemania y Austria<br>hacia fines del S. XIX, tambi\u00e9n se propag\u00f3 en las \u00e1reas<br>polaco-parlantes de esos pa\u00edses. Inicialmente los socialdem\u00f3cratas<br>polaco-parlantes se unieron a los partidos alemanes y austriacos, pero<br>en 1892 fueron formados en ambos pa\u00edses partidos polacos de manera<br>separada. Posteriormente ese a\u00f1o, se amalgamaron para formar el<br>Partido Socialista Polaco (PSP), con representantes de la Polonia<br>Rusa. El PSP hizo de la reconstrucci\u00f3n de una Polonia independiente,<br>dentro de sus l\u00edmites previos a 1772, su exigencia principal. Al a\u00f1o<br>siguiente una cantidad de polacos j\u00f3venes se exiliaba en Z\u00fcrich,<br>incluida Rosa Luxemburg, escindidos precisamente en este punto, y<br>fundaban La Socialdemocracia del Reino de Polonia (SDRP).<br><br>La elecci\u00f3n de tan extra\u00f1o nombre era deliberada, ya que el &#8221; Reino de<br>Polonia &#8221; era el nombre oficial de la Polonia Rusa. El nombre, por lo<br>tanto, proclamaba que hab\u00eda un partido operando s\u00f3lo en Rusia. Y de<br>hecho, cuando el Partido Socialdem\u00f3crata Ruso finalmente se form\u00f3, el<br>SDRP (o m\u00e1s precisamente, luego de la adhesi\u00f3n de un grupo lituano en<br>1899, el SDRPL) fue su secci\u00f3n en Polonia y en Lituania.<br><br>El tema de si la independencia de Polonia deb\u00eda ser o no apoyada,<br>surgi\u00f3 en el Congreso de la Segunda Internacional en Londres en 1896,<br>al cual el PSP hab\u00eda enviado una resoluci\u00f3n en la cual declaraba &#8221; que<br>la independencia de Polonia representa una exigencia pol\u00edtica<br>imperativa, tanto para el proletariado polaco como para el movimiento<br>obrero internacional en su totalidad &#8220;. Rosa Luxemburg se opuso a esto<br>con firmeza, y escribi\u00f3 una serie de art\u00edculos en la prensa de la<br>Internacional socialdem\u00f3crata, argumentando que los trabajadores<br>deb\u00edan organizarse independientemente de su nacionalidad, dentro del<br>Estado capitalista en el cual se encontraban, y que no deb\u00edan buscar<br>volver a trazar esas fronteras; que la pelea para alcanzar esto<br>desviar\u00eda a los trabajadores de la lucha de clase y del socialismo. La<br>moci\u00f3n del PSP de hecho no fue sometida a votaci\u00f3n, sino que fue<br>reemplazada por una vaga resoluci\u00f3n general que, sin embargo, a\u00fan se<br>refer\u00eda a &#8221; el completo derecho de toda naci\u00f3n a la<br>auto-determinaci\u00f3n. &#8220;<br><br>Al oponerse a una Polonia independiente, Luxemburg estaba yendo en<br>contra de una exigencia sostenida por Marx a lo largo de su vida<br>pol\u00edtica. Ella era bien conciente de esto, y no dudaba en describir<br>los puntos de vista de Marx respecto de la Cuesti\u00f3n Polaca, como &#8220;<br>obsoletos y equivocados &#8220;. Dado que esta postura ha sido proseguida<br>por el Partido Socialista de Gran Breta\u00f1a, ser\u00e1 interesante examinar<br>los argumentos de Luxemburg sobre este punto.<br><br>En 1848, se\u00f1alaba ella, los dem\u00f3cratas de Europa Occidental, entre los<br>cuales se debe incluir a Marx, deseaban una Polonia independiente,<br>instaurada para actuar como una barrera entre la Rusia Zarista y<br>Europa Occidental, de modo de remover la amenaza de que una<br>intervenci\u00f3n zarista detuviera all\u00ed la extensi\u00f3n de la democracia<br>pol\u00edtica. Esto, dec\u00eda, era una posici\u00f3n sostenible en 1848, pero no en<br>los a\u00f1os 1890 o en los a\u00f1os 1900 (ni siquiera en 1880, cuando Marx<br>hizo una declaraci\u00f3n m\u00e1s, a favor de la independencia polaca); ya que<br>en ese lapso, gracias a la introducci\u00f3n del capitalismo, y con \u00e9l la<br>de un proletariado industrial urbano, Rusia no era ya la monol\u00edtica<br>fuerza de la reacci\u00f3n que hab\u00eda sido. En la medida en que el<br>capitalismo y la clase obrera se desarrollaran en Rusia, as\u00ed tambi\u00e9n<br>se desarrollar\u00eda la posibilidad de derrocar al zarismo y establecer<br>all\u00ed tambi\u00e9n una democracia pol\u00edtica. En lo que respecta a Polonia,<br>argumentaba que la introducci\u00f3n del capitalismo hab\u00eda ligado tanto a<br>la Polonia rusa a Rusia (la industria polaca abastec\u00eda al mercado<br>ruso), que la propuesta de reestablecer una Polonia independiente era<br>de todos modos una &#8221; fantas\u00eda ut\u00f3pica &#8220;.<br><br>Luxemburg continu\u00f3 se\u00f1alando que la exigencia en pro de una Polonia<br>independiente, era la exigencia a favor del establecimiento de otro<br>Estado capitalista, inevitablemente expansionista y opresor. Esto,<br>dec\u00eda, no era la tarea de los trabajadores; lo que les concern\u00eda en<br>aquel entonces era conquistar diversas libertades democr\u00e1ticas<br>elementales. As\u00ed exhort\u00f3 a los trabajadores polaco-parlantes en la<br>Polonia rusa a luchar, junto con los trabajadores de todas las otras<br>nacionalidades que se encontrasen dentro de los l\u00edmites del Imperio<br>ruso, a derrocar al zarismo y a establecer una democracia pol\u00edtica en<br>Rusia (los trabajadores polaco-parlantes en Alemania y en el Imperio<br>austriaco, deber\u00edan estar del mismo modo, luchando all\u00ed con sus<br>compa\u00f1eros para establecer una democracia pol\u00edtica). Luxemburg<br>consideraba que el fin de la discriminaci\u00f3n basada en la nacionalidad<br>o en el lenguaje -con total arreglo para el uso de lenguas<br>minoritarias en todos los aspectos de la vida social y pol\u00edtica-, como<br>parte integral de la democracia pol\u00edtica que exhortaba a instaurar<br>bajo el capitalismo, era un medio para facilitar la lucha por el<br>socialismo. De hecho, fue a\u00fan m\u00e1s lejos, y argument\u00f3 detalladamente,<br>en una serie de art\u00edculos publicados en 1908-09, que deb\u00eda darse a<br>Polonia autonom\u00eda dentro de cualquier rep\u00fablica democr\u00e1tica toda rusa<br>. De este modo el SDRPL respondi\u00f3 al reclamo del PSP sobre la<br>restauraci\u00f3n de una Polonia independiente, con la exigencia de un<br>autogobierno para la Polonia rusa, en el interior de una Rusia<br>democr\u00e1tica.<br><br><br>No negamos que en las condiciones pol\u00edticas absolutistas de la Rusia<br>zarista, la clase obrera estaba obligada a luchar por libertades<br>pol\u00edticas como el voto, libertad de prensa, y libertad para formar<br>sindicatos y partidos pol\u00edticos; pero esto deb\u00eda, y podr\u00eda haberse<br>hecho, de acuerdo a una lucha clara y sin compromisos por el<br>socialismo mundial. Luxemburg por supuesto sab\u00eda lo que era el<br>socialismo, y de hecho realiz\u00f3 propaganda por \u00e9l, pero como<br>socialdem\u00f3crata estaba conminada a la err\u00f3nea teor\u00eda de que un partido<br>socialista debe tener un programa &#8221; m\u00ednimo &#8221; de reformas pol\u00edticas y<br>sociales, a alcanzar dentro del capitalismo, as\u00ed como un programa &#8220;<br>m\u00e1ximo &#8221; de socialismo.<br><br>No obstante, puede decirse a favor de la formulaci\u00f3n de Luxemburg -de<br>que los trabajadores de la Polonia rusa deb\u00edan luchar junto con los<br>otros trabajadores de Rusia, por una rep\u00fablica democr\u00e1tica toda rusa-<br>que no hizo concesiones al nacionalismo; apel\u00f3 a ellos como<br>trabajadores, no como polacos. Ella sab\u00eda que una campa\u00f1a para<br>establecer una Polonia independiente, desatar\u00eda las pasiones<br>nacionalistas que desviar\u00edan a la clase trabajadora de la Polonia<br>rusa, no s\u00f3lo de la lucha para establecer el socialismo, sino a\u00fan de<br>la lucha por la conquista de libertades democr\u00e1ticas elementales. En<br>este punto, se ha probado que ten\u00eda raz\u00f3n: cuando Polonia conquist\u00f3 la<br>independencia en 1919, una dictadura nacionalista autoritaria,<br>comandada por el ex l\u00edder del PSP, Pidulski, lleg\u00f3 pronto al poder.<br><br>Sin embargo, los acontecimientos han probado su equivocaci\u00f3n en creer<br>que la independencia de Polonia hubiera sido una \u00ab fantas\u00eda ut\u00f3pica \u00bb.<br>Si se hubiera limitado a decir que un Estado polaco independiente<br>habr\u00eda continuado bajo la dominaci\u00f3n de Rusia, o de alguna otra gran<br>potencia, hubiese estado en lo cierto. Pero lo que estaba sugiriendo,<br>era que incluso la independencia pol\u00edtica formal de Polonia era<br>imposible. El hecho de que Polonia obtuvo tal independencia en 1919,<br>hace de sus argumentos una pintoresca lectura hoy en d\u00eda, pero a\u00fan<br>sigue siendo verdad que Polonia nunca ha sido realmente independiente<br>de una u otra potencia imperial. Veinte a\u00f1os luego de ser &#8221; restaurada&#8221;, Polonia fue nuevamente dividida entre Alemania y Rusia, y desde la<br>guerra, ha sido un mero sat\u00e9lite ruso. De hecho, partes de la Polonia<br>anterior a 1772 se encuentran hoy nuevamente en Rusia. El error de<br>Luxemburg en esto, deber\u00eda ser una advertencia para los socialistas,<br>de no ser dogm\u00e1ticos en asuntos como este: el capitalismo puede ser<br>muy flexible en sus instituciones pol\u00edticas.<br><br>El t\u00f3pico del &#8221; derecho de las naciones a su autodeterminaci\u00f3n &#8220;<br>surgi\u00f3 nuevamente en 1903, cuando los socialdem\u00f3cratas rusos<br>incorporaron la exigencia en sus programas de manera oficial. Una vez<br>m\u00e1s Luxemburg se opuso a esto, no s\u00f3lo como pol\u00edticamente equivocado,<br>sino como te\u00f3ricamente precario. Sus argumentos sobre este \u00faltimo<br>punto son iguales a los nuestros:<br><br>Un &#8221; derecho de las naciones &#8221; que es v\u00e1lido para todos los pa\u00edses en<br>todos las \u00e9pocas, no es m\u00e1s que un clich\u00e9 del tipo de &#8221; derechos del<br>hombre &#8221; o &#8221; derechos del ciudadano &#8220;.<br><br>Cuando hablamos del &#8221; derecho de las naciones a su autodeterminaci\u00f3n<br>&#8220;, estamos usando el concepto de &#8221; naci\u00f3n &#8220;, como una entidad social y<br>pol\u00edticamente homog\u00e9nea\u2026 En una sociedad de clases, &#8221; la naci\u00f3n &#8221; como<br>una entidad sociopol\u00edtica homog\u00e9nea no existe. M\u00e1s bien lo que existe<br>es, dentro de cada naci\u00f3n, clases con intereses y &#8221; derechos &#8220;<br>antag\u00f3nicos.<br><br>Se incluye en un ap\u00e9ndice de la selecci\u00f3n de Davis de los escritos de<br>Rosa Luxemburg sobre esta cuesti\u00f3n, una declaraci\u00f3n publicada en 1916<br>en un oscuro peri\u00f3dico escrito en polaco, por algunos miembros del<br>SDRPL en el exilio. Este muestra un destacable grado de entendimiento<br>sobre el tema, en especial lo que sigue:<br><br>El as\u00ed llamado derecho a la autodeterminaci\u00f3n, es tambi\u00e9n usado con la<br>salvedad de que ha de volverse una realidad por vez primera bajo el<br>socialismo, y por lo tanto, es una expresi\u00f3n de nuestra ardua lucha<br>por \u00e9l. Esta propuesta est\u00e1 abierta a las siguientes objeciones:<br>sabemos que el socialismo eliminar\u00e1 toda la opresi\u00f3n de las naciones,<br>y acabar\u00e1 con los intereses de clase que son la fuerza impulsora de<br>tal opresi\u00f3n. Adem\u00e1s, no tenemos razones para suponer que la naci\u00f3n,<br>en una sociedad socialista, formar\u00e1 una unidad pol\u00edtico-econ\u00f3mica.<br>Todo parece indicar que tendr\u00e1 el car\u00e1cter de una unidad cultural y<br>ling\u00fc\u00edstica, dado que la divisi\u00f3n territorial de la unidad cultural<br>socialista, en cuanto a que \u00e9sta es la que sobrevivir\u00e1, s\u00f3lo puede<br>seguir las necesidades de la producci\u00f3n, y esta divisi\u00f3n habr\u00e1 de<br>estar determinada, no por naciones individuales de forma separada, de<br>su propia fuerza (como el &#8221; derecho a la autodeterminaci\u00f3n &#8221; lo<br>exige), sino mediante la acci\u00f3n conjunta de todos los ciudadanos<br>interesados. Adjudicar al socialismo la f\u00f3rmula &#8221; derecho a la<br>autodeterminaci\u00f3n &#8220;, surge de un desconocimiento total de la<br>naturaleza de la sociedad socialista.<br><br>No podr\u00edamos expresarlo mejor. Desafortunadamente, la mayor\u00eda de<br>aquellos que expresaron tales puntos de vista, fueron posteriormente<br>separados por el Bolchevismo y la Revoluci\u00f3n Rusa, y pronto<br>desaparecieron de la escena de la historia.<br><br>Aunque Luxemburg conoc\u00eda lo que era el socialismo, y ten\u00eda una<br>honorable trayectoria en oponerse a la Primera Guerra Mundial, as\u00ed<br>como al reformismo dentro de la socialdemocracia y a las pr\u00e1cticas<br>antidemocr\u00e1ticas de los bolcheviques, tambi\u00e9n cometi\u00f3 sus errores.<br>Pero en la cuesti\u00f3n del nacionalismo, con sus cr\u00edticas a la posici\u00f3n<br>de Marx por &#8221; obsoletas y equivocadas &#8220;, hizo una importante<br>contribuci\u00f3n a la teor\u00eda socialista. Es de esperar que la publicaci\u00f3n<br>en ingl\u00e9s de sus puntos de vista en este tema, ayudar\u00e1 a echar por<br>tierra el slogan &#8221; el derecho de las naciones a su autodeterminaci\u00f3n&#8221;.<br><\/p>\r\n\r\n\r\n\r\n<p><\/p>\r\n\r\n\r\n\r\n<pre id=\"block-87dfd9d4-ce5e-4a51-939b-6fa2c06caf4b\" class=\"wp-block-preformatted\"><a href=\"https:\/\/www.worldsocialism.org\/spgb\/publications\/rosa-luxemburg-and-the-national-question\/\">De Socialist Standard<\/a> 1978-04 Rosa Luxemburgo y la Cuesti\u00f3n Nacional<\/pre>\r\n\r\n\r\n\r\n<pre class=\"wp-block-preformatted\"><a href=\"https:\/\/www.worldsocialism.org\/wsm\/espanol\/\">Movimiento Socialista Mundial<\/a><\/pre>\r\n","protected":false},"excerpt":{"rendered":"<p>\u00bfHay un &#8221; derecho de las naciones a la autodeterminaci\u00f3n &#8221; del cuallos Socialistas debieran ser partidarios? Esta fue la cuesti\u00f3ndebatida por los Socialdem\u00f3cratas antes de la primera guerra mundial,especialmente en Rusia y en Austria, ambos imperios multinacionalespor aqu\u00e9l entonces. Lenin, fiel a su visi\u00f3n oportunista de quecualquier slogan era \u00fatil si ayudaba, dijo s\u00ed&#8230;<\/p>\n","protected":false},"author":1,"featured_media":0,"parent":0,"menu_order":0,"comment_status":"closed","ping_status":"closed","template":"","meta":{"magazine_newspaper_sidebar_layout":"","footnotes":""},"class_list":["post-3377","page","type-page","status-publish","hentry"],"_links":{"self":[{"href":"https:\/\/www.worldsocialism.org\/wsm\/wp-json\/wp\/v2\/pages\/3377","targetHints":{"allow":["GET"]}}],"collection":[{"href":"https:\/\/www.worldsocialism.org\/wsm\/wp-json\/wp\/v2\/pages"}],"about":[{"href":"https:\/\/www.worldsocialism.org\/wsm\/wp-json\/wp\/v2\/types\/page"}],"author":[{"embeddable":true,"href":"https:\/\/www.worldsocialism.org\/wsm\/wp-json\/wp\/v2\/users\/1"}],"replies":[{"embeddable":true,"href":"https:\/\/www.worldsocialism.org\/wsm\/wp-json\/wp\/v2\/comments?post=3377"}],"version-history":[{"count":2,"href":"https:\/\/www.worldsocialism.org\/wsm\/wp-json\/wp\/v2\/pages\/3377\/revisions"}],"predecessor-version":[{"id":5496,"href":"https:\/\/www.worldsocialism.org\/wsm\/wp-json\/wp\/v2\/pages\/3377\/revisions\/5496"}],"wp:attachment":[{"href":"https:\/\/www.worldsocialism.org\/wsm\/wp-json\/wp\/v2\/media?parent=3377"}],"curies":[{"name":"wp","href":"https:\/\/api.w.org\/{rel}","templated":true}]}}