{"id":1824,"date":"2019-04-25T23:00:33","date_gmt":"2019-04-25T22:00:33","guid":{"rendered":"https:\/\/wsm.prolerat.org\/?page_id=1824"},"modified":"2019-04-25T23:00:33","modified_gmt":"2019-04-25T22:00:33","slug":"posesion-estatal-versus-posesion-comun-o-socialismo","status":"publish","type":"page","link":"https:\/\/www.worldsocialism.org\/wsm\/posesion-estatal-versus-posesion-comun-o-socialismo\/","title":{"rendered":"Posesion Estatal versus Posesion Comun ( o Socialismo )"},"content":{"rendered":"\n<p> Muchas personas confunden posesi\u00f3n y control estatal con posesi\u00f3n y control democr\u00e1tico.<br> <br> El estado es un cuerpo coercitivo que limita las libertades de los seres humanos (la clase trabajadora) la cual trabaja para vivir y no posee ni controla la sociedad<br> <br> El estado asegura que la posesi\u00f3n y el control de los medios de producci\u00f3n permanezcan en las manos de una minor\u00eda (los capitalistas) y que la mayor\u00eda continu\u00e9 produciendo las riquezas para esa minor\u00eda<br> <br> El estado gu\u00eda las fuerzas econ\u00f3micas y militares de la naci\u00f3n para proteger los intereses econ\u00f3micos de la clase capitalista de la clase trabajadora de esa naci\u00f3n, y de la clase capitalista de otras naciones<br> <br> El estado bajo todos los intentos y prop\u00f3sitos funciona como una agencia de protecci\u00f3n de la clase capitalista a la cual le sirve.<br> <br> El estado tambi\u00e9n adjudica el inevitable altercado entre sectores de la clase capitalista en la naci\u00f3n.<br> <br> La posesi\u00f3n estatal\u00a0 es una manera de asegurar que\u00a0 industrias y cuestiones cr\u00edticas funcionen para defender los intereses para la entera clase capitalista, en vez de peque\u00f1os sectores de esa clase. La posesi\u00f3n estatal no trabaja para los intereses de la clase trabajadora<br> <br> Socialismo significa el fin del estado. El estado no tendr\u00e1 ninguna funci\u00f3n ni prop\u00f3sitos para dirigir la producci\u00f3n\u00a0 para las necesidades en vez de las ganancias<br> \u00a0<br> Cuando el Partido Socialista habla sobre posesi\u00f3n com\u00fan, esto significa que es posesi\u00f3n com\u00fan de los medios de producci\u00f3n<br> En otras palabra, lo com\u00fan, no posesi\u00f3n Estatal de los recursos naturales, y de las facilidades usadas para procesar estos recursos incluyendo las factor\u00edas, molinos, medios de transportaci\u00f3n, tiendas, etc, etc,<br> \u00a0<br> Posesi\u00f3n com\u00fan no quiere decir que alguien lo va a depravar de sus zapatos, su televisi\u00f3n, sus pertenencias personales y que lo van a sacar de su casa.<br> \u00a0<br> Socialismo no es la posesi\u00f3n com\u00fan del consumo, las cosas que usted usa en su vida personal, sino aquellas cosas que tienen capacidad de producir para la sociedad<br> \u00a0<br> Posesi\u00f3n com\u00fan significa el fin de la pobreza y el comienzo de la verdadera libertad<br> \u00a0<br> El socialismo sera una sociedad de producci\u00f3n voluntaria y la distribuci\u00f3n de las riquezas basado en el principio de cada quien de acuerdo a su necesidad.<br> \u00a0<br> Cuando los partidos comunistas hablan sobre socialismo ellos se refieren a posesi\u00f3n Estatal, lo cual se conoce como capitalismo de estado<br> <br> Ellos quieren decir que un estado benevolente ( corrido por ellos ) poseyendo todo, o todas las empresas podr\u00eda poner a el capitalismo a funcionar para los intereses de la clase trabajadora<br> <br> Estos intentos han sido tratados ya varias veces repetidamente y no funcionan para los intereses de la clase trabajadora, y no es socialismo, ni posesi\u00f3n com\u00fan de los medios y los instrumentos de producci\u00f3n<br> \u00a0<br> \u00a0<br> <br> <strong>Partido Socialista<\/strong><\/p>\n","protected":false},"excerpt":{"rendered":"<p>Muchas personas confunden posesi\u00f3n y control estatal con posesi\u00f3n y control democr\u00e1tico. El estado es un cuerpo coercitivo que limita las libertades de los seres humanos (la clase trabajadora) la cual trabaja para vivir y no posee ni controla la sociedad El estado asegura que la posesi\u00f3n y el control de los medios de producci\u00f3n&#8230;<\/p>\n","protected":false},"author":1,"featured_media":0,"parent":0,"menu_order":0,"comment_status":"closed","ping_status":"closed","template":"","meta":{"magazine_newspaper_sidebar_layout":"","footnotes":""},"class_list":["post-1824","page","type-page","status-publish","hentry"],"_links":{"self":[{"href":"https:\/\/www.worldsocialism.org\/wsm\/wp-json\/wp\/v2\/pages\/1824","targetHints":{"allow":["GET"]}}],"collection":[{"href":"https:\/\/www.worldsocialism.org\/wsm\/wp-json\/wp\/v2\/pages"}],"about":[{"href":"https:\/\/www.worldsocialism.org\/wsm\/wp-json\/wp\/v2\/types\/page"}],"author":[{"embeddable":true,"href":"https:\/\/www.worldsocialism.org\/wsm\/wp-json\/wp\/v2\/users\/1"}],"replies":[{"embeddable":true,"href":"https:\/\/www.worldsocialism.org\/wsm\/wp-json\/wp\/v2\/comments?post=1824"}],"version-history":[{"count":0,"href":"https:\/\/www.worldsocialism.org\/wsm\/wp-json\/wp\/v2\/pages\/1824\/revisions"}],"wp:attachment":[{"href":"https:\/\/www.worldsocialism.org\/wsm\/wp-json\/wp\/v2\/media?parent=1824"}],"curies":[{"name":"wp","href":"https:\/\/api.w.org\/{rel}","templated":true}]}}