{"id":1762,"date":"2019-04-25T15:14:03","date_gmt":"2019-04-25T14:14:03","guid":{"rendered":"https:\/\/wsm.prolerat.org\/?page_id=1762"},"modified":"2025-09-06T11:35:24","modified_gmt":"2025-09-06T10:35:24","slug":"la-guerra-fria-se-re-calienta","status":"publish","type":"page","link":"https:\/\/www.worldsocialism.org\/wsm\/la-guerra-fria-se-re-calienta\/","title":{"rendered":"La Guerra Fria se re-calienta"},"content":{"rendered":"\r\n<p>De acuerdo a Clausewitz, general,  y estratega militar  del siglo 19 , frecuentemente citado dijo lo siguiente : &#8221; la guerra es la continuaci\u00f3n de la pol\u00edtica por otros medios.&#8221;  El  reciente,  breve y brutal conflicto en el C\u00e1ucaso es otro ejemplo de la   naturaleza cotidiana del capitalismo, el cual  contin\u00faa su poliitca  por otros medios.<\/p>\r\n\r\n\r\n\r\n<p>El conflicto en Osetia del Sur y Abjasia, que parece que  ha cobrado miles de vidas humanas ,  ha sido una rara erupci\u00f3n, sacando hacia la superficie las presiones politicas y economicas que existen por debajo .<\/p>\r\n\r\n\r\n\r\n<p>Estos acontecimientos recientes han sido una manera de despertar a  los que a\u00fan enga\u00f1ados pensaban  que el fin de la guerra fr\u00eda (que nunca fue un campo de batalla ideol\u00f3gica de ninguna manera ) significar\u00eda el fin del enfrenamiento entre las   superpotencias, con la posibilidad de que en \u00faltima instancia  se evitaria   la Tercera  Guerra Mundial <\/p>\r\n\r\n\r\n\r\n<p>La Guerra Fr\u00eda  acaba de re- calentarse otra vez : pero esta vez,   las l\u00edneas de demarcacion de la guerra  est\u00e1n claramente se\u00f1aladas,  que no es  por motivos de algunas supuestas diferencias ideol\u00f3gicas. No existen ningunas  grandes  cuestiones  ideol\u00f3gicas o morales  en juego en  este momento . Los protagonistas (EE.UU. y Rusia) y sus aliados son simplemente  econom\u00edas capitalistas rivales , ansiosos por asegurar ventajas estrat\u00e9gicas,  el acceso a los recursos  y la influencia regional.<\/p>\r\n\r\n\r\n\r\n<p>En particular, al tratar de diversificar sus fuentes de petr\u00f3leo fuera de las regiones problem\u00e1ticas como el Medio Oriental, los EE.UU. se basa en un nuevo gasoducto a trav\u00e9s de Georgia que dispone de fuentes relativamente seguras en el Asia central, evitando interferir  al mismo tiempo en territorio ruso.<\/p>\r\n\r\n\r\n\r\n<p>Sin embargo,  existen otras consideraciones,  El fracaso de la econom\u00eda de capitalismo de estado como la que existio en  la Uni\u00f3n Sovi\u00e9tica hasta su desaparici\u00f3n  casi 20 a\u00f1os atras,  no fue el fin  de  la guerra fr\u00eda, solamente fue un cambio frontal. A medida que se desploman tanto las   bases econ\u00f3mica y pol\u00edtica del Pacto de Varsovia ,  el pacto militar regional de la OTAN (Tratado del Atl\u00e1ntico Norte Organizaci\u00f3n) se ha extendido  mucho m\u00e1s all\u00e1 del alcance original  &#8220;del Atl\u00e1ntico norte&#8221; , expandiendose    hacia los estados de la antigua Uni\u00f3n Sovi\u00e9tica estrat\u00e9gicamente atractivo,   por medio de esta campana  de reclutamiento, se ampl\u00eda su \u00e1mbito de influencia.<\/p>\r\n\r\n\r\n\r\n<p>Los  conflictos militares son  una consecuencia inevitable de los conflictos cotidianos de una sociedad basada en la propiedad privada. En el capitalismo todos los medios  de producci\u00f3n &#8211; m\u00e1s expl\u00edcitamente la producci\u00f3n del petr\u00f3leo y su distribuci\u00f3n &#8211; tienen que ser poseidos  y controlados por alguien. Las guerrasa modernas &#8211; con todos los desperdicios, la devastaci\u00f3n,  y las atrocidades que conllevan en  su paso &#8211; tienen sus raices en el  capitalismo. Por el contrario, en una sociedad socialista  sin sistema monetario, sin trabajo asalariado, sin clases y sin estado,  nadie poseera medios de produccion, ni sera excluida ninguna persona . No habr\u00e1n  leyes, fuerzas  coercivas para administrar , ni polizontes para monopolizar los recursos .<\/p>\r\n\r\n\r\n\r\n<p>El Movimiento Socialista Mundial es  un movimiento pol\u00edtico unico, de una manera  clara y coherente siempre ha expresado su oposici\u00f3n a las guerras durante los \u00faltimos cien a\u00f1os. Esto no ha sido hecho de una manera  selectiva,  nos oponemos, y nos hemos opuestos  a todas las guerras, y lo hemos hecho desde la Primera Guerra Mundial   hasta  durante la ultima  Guerra del Golfo  Nuestra oposici\u00f3n esta sencillamente  basado en que  las guerras  son  solo cuestiones  de inter\u00e9s para los empresarios, terratenientes y jefes , brevemente, la clase capitalista &#8211; mientras tanto  los  trabajadores, con  uniformes,  o ropas civiles,  son la carne de ca\u00f1\u00f3n. La inmensa mayor\u00eda, de los miembros de la clase obrera mundial &#8211; ya sean de Georgia (C\u00e1ucaso) o Georgia (EE.UU.), no tienen ningun  tipo de  intereses en juego que valgan  la pena derramar una sola  gota de sangre. <\/p>\r\n<p>(Socialist Standard, septiembre de 2003)<\/p>\r\n","protected":false},"excerpt":{"rendered":"<p>De acuerdo a Clausewitz, general, y estratega militar del siglo 19 , frecuentemente citado dijo lo siguiente : &#8221; la guerra es la continuaci\u00f3n de la pol\u00edtica por otros medios.&#8221; El reciente, breve y brutal conflicto en el C\u00e1ucaso es otro ejemplo de la naturaleza cotidiana del capitalismo, el cual contin\u00faa su poliitca por otros&#8230;<\/p>\n","protected":false},"author":1,"featured_media":0,"parent":0,"menu_order":0,"comment_status":"closed","ping_status":"closed","template":"","meta":{"magazine_newspaper_sidebar_layout":"","footnotes":""},"class_list":["post-1762","page","type-page","status-publish","hentry"],"_links":{"self":[{"href":"https:\/\/www.worldsocialism.org\/wsm\/wp-json\/wp\/v2\/pages\/1762","targetHints":{"allow":["GET"]}}],"collection":[{"href":"https:\/\/www.worldsocialism.org\/wsm\/wp-json\/wp\/v2\/pages"}],"about":[{"href":"https:\/\/www.worldsocialism.org\/wsm\/wp-json\/wp\/v2\/types\/page"}],"author":[{"embeddable":true,"href":"https:\/\/www.worldsocialism.org\/wsm\/wp-json\/wp\/v2\/users\/1"}],"replies":[{"embeddable":true,"href":"https:\/\/www.worldsocialism.org\/wsm\/wp-json\/wp\/v2\/comments?post=1762"}],"version-history":[{"count":3,"href":"https:\/\/www.worldsocialism.org\/wsm\/wp-json\/wp\/v2\/pages\/1762\/revisions"}],"predecessor-version":[{"id":5584,"href":"https:\/\/www.worldsocialism.org\/wsm\/wp-json\/wp\/v2\/pages\/1762\/revisions\/5584"}],"wp:attachment":[{"href":"https:\/\/www.worldsocialism.org\/wsm\/wp-json\/wp\/v2\/media?parent=1762"}],"curies":[{"name":"wp","href":"https:\/\/api.w.org\/{rel}","templated":true}]}}