{"id":1534,"date":"2019-03-16T14:20:26","date_gmt":"2019-03-16T14:20:26","guid":{"rendered":"https:\/\/wsm.prolerat.org\/?page_id=1534"},"modified":"2019-03-16T14:20:26","modified_gmt":"2019-03-16T14:20:26","slug":"trotskisterna-och-statskapitalismen","status":"publish","type":"page","link":"https:\/\/www.worldsocialism.org\/wsm\/trotskisterna-och-statskapitalismen\/","title":{"rendered":"Trotskisterna och statskapitalismen"},"content":{"rendered":"\n<p>Det nybildade Revolution\u00e4ra Marxisters F\u00f6rbund (trotskister) har b\u00f6rjat utge en tidning som heter Mullvaden. Dess f\u00f6rsta nummer behandlar bl.a. de senaste h\u00e4ndelserna i Polen (sid. 2).Vi har n\u00e5gra kommentarer till trotskisternas syn p\u00e5 Polen (och de \u00f6vriga statskapitalistiska l\u00e4nderna).<\/p>\n\n\n\n<p>I Polen-artikeln framkommer att RMF ser Polen som ett &#8220;\u00f6verg\u00e5ngssamh\u00e4lle&#8221;, d\u00e4r arbetarklassen m\u00e5ste g\u00f6ra en politisk revolution f\u00f6r att st\u00f6rta byr\u00e5kratin.<\/p>\n\n\n\n<p>&#8220;Men byr\u00e5kratin som politisk maktstruktur f\u00f6r\u00e4ndras inte genom att n\u00e5gra odugliga politruker och funktion\u00e4rer ers\u00e4tts med ett antal uppodlade &#8216;specialister&#8217;. Dess of\u00f6rm\u00e5ga att utveckla och l\u00f6sa \u00f6verg\u00e5ngssamh\u00e4llets problem framst\u00e5r allt tydligare i bristen p\u00e5 en klart formulerad revolution\u00e4r strategi &#8211; i st\u00e4llet st\u00e4ndig vacklan och oupph\u00f6rliga inre slitningar. Den polska (liksom den tjeckiska, ungerska, \u00f6sttyska o.s.v.) arbetarklassens perspektiv \u00e4r den politiska revolutionen&#8221;. (Mullvadens kursivering).<\/p>\n\n\n\n<p>Ett \u00f6verg\u00e5ngssamh\u00e4lle definieras av Mullvaden som &#8220;perioden mellan uppr\u00e4ttandet av proletariatets diktatur och socialismens genomf\u00f6rande&#8221;. Den politiska revolutionen \u00e4r enligt dem:<\/p>\n\n\n\n<p>&#8220;\u2026 st\u00f6rtandet av det parasiterande skikt (v\u00e5r kursiv), byr\u00e5kratin, som p\u00e5 den socialiserade (f\u00f6rstatligade) ekonomins bas innehar och ut\u00f6var den politiska makten i &#8216;arbetarklassens namn&#8217;. Detta revolution\u00e4ra makt\u00f6vertagande sker allts\u00e5 med bevarande av de socialiserade produktionsmedlen till skillnad fr\u00e5n den sociala revolutionen i de kapitalistiska eller imperialistiskt dominerade l\u00e4nderna.&#8221;<\/p>\n\n\n\n<p>RMF drar tydligen likhetstecken med socialism och f\u00f6rstatligande. Det \u00e4r dock inte detta som avg\u00f6r om ett samh\u00e4lle \u00e4r kapitalistiskt eller socialistiskt.<\/p>\n\n\n\n<p>D\u00e5 m\u00e4nniskorna f\u00f6rs\u00f6rjer sig tr\u00e4der de in i vissa f\u00f6rh\u00e5llanden till varandra. Varje samh\u00e4lle k\u00e4nnetecknas av dess dominerande social-ekonomiska f\u00f6rh\u00e5llanden. De dominerande social-ekonomiska f\u00f6rh\u00e5llandena i kapitalistiska samh\u00e4llen \u00e4r f\u00f6rh\u00e5llandet mellan l\u00f6nearbete och kapital. S\u00e5 \u00e4r ocks\u00e5 fallet i Polen och trotskisternas \u00f6vriga &#8220;\u00f6verg\u00e5ngssamh\u00e4llen&#8221;. Ekonomiska kategorier som kapital, pengar, l\u00f6ner, profit, priser och banker kommer inte att f\u00f6lja med in i n\u00e4sta stadium av samh\u00e4llsutvecklingen &#8211; socialismen. I trotskisternas \u00f6verg\u00e5ngssamh\u00e4llen finns de allesammans.<\/p>\n\n\n\n<p>Att Marx och Engels inte betraktade f\u00f6rstatligande som socialism framg\u00e5r bl.a. av Engels uttalanden i Anti-D\u00fchring. Han s\u00e4ger bl.a.:<\/p>\n\n\n\n<p>&#8220;Men varken f\u00f6rvandlingen till aktiebolag (eller truster) eller till statsegendom f\u00f6rvandlar produktivkrafternas egenskap att vara kapital\u2026 Den moderna staten \u00e4r, vilken form den \u00e4n m\u00e5 anta, ingenting annat \u00e4n kapitalisternas stat, den idealiske totalkapitalisten. Ju fler produktivkrafter den \u00f6vertar, desto mer blir den en verklig totalkapitalist, desto fler medborgare utsugen den. Arbetarna f\u00f6rblir l\u00f6nearbetare, prolet\u00e4rer. Kapitalf\u00f6rh\u00e5llandena upph\u00e4ves inte, de drives fastmer till sin spets.&#8221; (V\u00e5r kursiv).<\/p>\n\n\n\n<p>RMF anser vidare att byr\u00e5kratin inte \u00e4r en klass, utan ett &#8220;parasiterande skikt&#8221;. Men kapitalister personifierar endast kapitalet. Det \u00e4r uppenbart att den egendomsl\u00f6sa polska arbetarklassen inte personifierar kapitalet. Vi s\u00e4ger att byr\u00e5kratin \u00e4r en kollektiv kapitalistklass.<\/p>\n\n\n\n<p>Den enda &#8216;\u00f6verg\u00e5ngsperiod&#8217; som kan existera \u00e4r den historiska period d\u00e5 den socialistiskt medvetna majoriteten har er\u00f6vrat den politisk makten f\u00f6r att genomf\u00f6ra socialism och har ingenting att g\u00f6ra med trotskisternas &#8216;\u00f6verg\u00e5ngssamh\u00e4llen&#8217; och avantegarde-partier. Revolutionen f\u00f6r socialism \u00e4r &#8220;det sj\u00e4lvst\u00e4ndiga arbetet av det oerh\u00f6rda flertalet i det oerh\u00f6rda flertalets intressen&#8221;. Det \u00e4r den beska medicin trotskisterna m\u00e5ste l\u00e4ra sig sv\u00e4lja. Innan de svalt den kommer de att utg\u00f6ra ett hinder f\u00f6r genomf\u00f6randet av socialism i v\u00e4rlden.<\/p>\n","protected":false},"excerpt":{"rendered":"<p>Det nybildade Revolution\u00e4ra Marxisters F\u00f6rbund (trotskister) har b\u00f6rjat utge en tidning som heter Mullvaden. Dess f\u00f6rsta nummer behandlar bl.a. de senaste h\u00e4ndelserna i Polen (sid. 2).Vi har n\u00e5gra kommentarer till trotskisternas syn p\u00e5 Polen (och de \u00f6vriga statskapitalistiska l\u00e4nderna). I Polen-artikeln framkommer att RMF ser Polen som ett &#8220;\u00f6verg\u00e5ngssamh\u00e4lle&#8221;, d\u00e4r arbetarklassen m\u00e5ste g\u00f6ra en politisk&#8230;<\/p>\n","protected":false},"author":1,"featured_media":0,"parent":0,"menu_order":0,"comment_status":"closed","ping_status":"closed","template":"","meta":{"magazine_newspaper_sidebar_layout":"","footnotes":""},"class_list":["post-1534","page","type-page","status-publish","hentry"],"_links":{"self":[{"href":"https:\/\/www.worldsocialism.org\/wsm\/wp-json\/wp\/v2\/pages\/1534","targetHints":{"allow":["GET"]}}],"collection":[{"href":"https:\/\/www.worldsocialism.org\/wsm\/wp-json\/wp\/v2\/pages"}],"about":[{"href":"https:\/\/www.worldsocialism.org\/wsm\/wp-json\/wp\/v2\/types\/page"}],"author":[{"embeddable":true,"href":"https:\/\/www.worldsocialism.org\/wsm\/wp-json\/wp\/v2\/users\/1"}],"replies":[{"embeddable":true,"href":"https:\/\/www.worldsocialism.org\/wsm\/wp-json\/wp\/v2\/comments?post=1534"}],"version-history":[{"count":0,"href":"https:\/\/www.worldsocialism.org\/wsm\/wp-json\/wp\/v2\/pages\/1534\/revisions"}],"wp:attachment":[{"href":"https:\/\/www.worldsocialism.org\/wsm\/wp-json\/wp\/v2\/media?parent=1534"}],"curies":[{"name":"wp","href":"https:\/\/api.w.org\/{rel}","templated":true}]}}