{"id":1357,"date":"2019-03-14T23:55:47","date_gmt":"2019-03-14T23:55:47","guid":{"rendered":"https:\/\/wsm.prolerat.org\/?page_id=1357"},"modified":"2019-10-05T14:42:50","modified_gmt":"2019-10-05T13:42:50","slug":"hrvatski","status":"publish","type":"page","link":"https:\/\/www.worldsocialism.org\/wsm\/hrvatski\/","title":{"rendered":"Hrvatski"},"content":{"rendered":"\n<h3 class=\"wp-block-heading\"><a href=\"https:\/\/www.worldsocialism.org\/wsm\/dobrodosli-na-stranice-wms-a\/\">Dobrodo\u0161li na stranice WMS-a<\/a><\/h3>\n\n\n\n<h3 class=\"wp-block-heading\">Uvod i dobrodo\u0161li<\/h3>\n\n\n\n<p>Ne zanima Vas politika? Tko vam to mo\u017ee zamjeriti? Stvari\n      koje se serviraju u medijima su prili\u010dno dosadne. Mo\u017eda Vas ne\n      zanima politika jer mislite da ne mo\u017eete ni\u0161ta promijeniti.\n      Mo\u017eda se osje\u0107ate bespomo\u0107nima.<\/p>\n\n\n\n<p>Ali mo\u017eda bi Vas trebala zanimati. \u201cPolitika\u201d se,       naposljetku, zanima za Vas. I to mnogo. <strong><a href=\"https:\/\/www.worldsocialism.org\/wsm\/dobrodosli-na-stranice-wms-a\/\">Read more..<\/a><\/strong><\/p>\n","protected":false},"excerpt":{"rendered":"<p>Dobrodo\u0161li na stranice WMS-a Uvod i dobrodo\u0161li Ne zanima Vas politika? Tko vam to mo\u017ee zamjeriti? Stvari koje se serviraju u medijima su prili\u010dno dosadne. Mo\u017eda Vas ne zanima politika jer mislite da ne mo\u017eete ni\u0161ta promijeniti. Mo\u017eda se osje\u0107ate bespomo\u0107nima. Ali mo\u017eda bi Vas trebala zanimati. \u201cPolitika\u201d se, naposljetku, zanima za Vas. I to&#8230;<\/p>\n","protected":false},"author":1,"featured_media":0,"parent":0,"menu_order":0,"comment_status":"closed","ping_status":"closed","template":"","meta":{"magazine_newspaper_sidebar_layout":"","footnotes":""},"class_list":["post-1357","page","type-page","status-publish","hentry"],"_links":{"self":[{"href":"https:\/\/www.worldsocialism.org\/wsm\/wp-json\/wp\/v2\/pages\/1357","targetHints":{"allow":["GET"]}}],"collection":[{"href":"https:\/\/www.worldsocialism.org\/wsm\/wp-json\/wp\/v2\/pages"}],"about":[{"href":"https:\/\/www.worldsocialism.org\/wsm\/wp-json\/wp\/v2\/types\/page"}],"author":[{"embeddable":true,"href":"https:\/\/www.worldsocialism.org\/wsm\/wp-json\/wp\/v2\/users\/1"}],"replies":[{"embeddable":true,"href":"https:\/\/www.worldsocialism.org\/wsm\/wp-json\/wp\/v2\/comments?post=1357"}],"version-history":[{"count":1,"href":"https:\/\/www.worldsocialism.org\/wsm\/wp-json\/wp\/v2\/pages\/1357\/revisions"}],"predecessor-version":[{"id":2460,"href":"https:\/\/www.worldsocialism.org\/wsm\/wp-json\/wp\/v2\/pages\/1357\/revisions\/2460"}],"wp:attachment":[{"href":"https:\/\/www.worldsocialism.org\/wsm\/wp-json\/wp\/v2\/media?parent=1357"}],"curies":[{"name":"wp","href":"https:\/\/api.w.org\/{rel}","templated":true}]}}