{"id":1258,"date":"2019-03-14T16:19:32","date_gmt":"2019-03-14T16:19:32","guid":{"rendered":"https:\/\/wsm.prolerat.org\/?page_id=1258"},"modified":"2025-09-06T11:39:02","modified_gmt":"2025-09-06T10:39:02","slug":"la-guerra-en-georgia","status":"publish","type":"page","link":"https:\/\/www.worldsocialism.org\/wsm\/la-guerra-en-georgia\/","title":{"rendered":"La Guerra en Georgia"},"content":{"rendered":"\r\n<p>La guerra en Georgia parece que ha terminado <p>\r\n<p>Todav\u00eda\r\nno est\u00e1 claro c\u00f3mo se inici\u00f3 esta guerra . La primera gran acci\u00f3n\r\nmilitar\r\nde Georgia fue el bombardeo de Tskhinval, pero, algunos afirman que\r\nesta\r\nera una respuesta a la escalada de baja intensidad en la lucha contra\r\nlas aldeas de Osetia del Sur que ha estado sucediendo durante muchos\r\na\u00f1os. En cualquier caso, el ataque efectuado por el gobierno de\r\nGeorgia&nbsp; en Osetia del Sur dio a\r\nRusia una oportunidad de oro para perseguir sus propios objetivos bajo\r\nel disfraz&nbsp; de una&nbsp; intervenci\u00f3n humanitaria (v\u00e9ase el\r\narticulo&nbsp; mes\r\nanterior&nbsp; bajo &#8221; Material World&#8221;&nbsp; de la revista &#8220;Socialist\r\nStandard&#8221;). <\/p>\r\n\r\n\r\n\r\n<p>\r\nEn general, ambas partes han sobresalido en la\r\nhipocres\u00eda. Rusia como protector de los pa\u00edses peque\u00f1os &#8211; despu\u00e9s de\r\nChechenia? Los Estados Unidos como el palad\u00edn de la soberan\u00eda nacional\r\ncontra la agresi\u00f3n extranjera &#8211; despu\u00e9s de Iraq? Y sin embargo,\r\nsiempre existen&nbsp; personas&nbsp; dispuestas a tomar en serio tales\r\ninsolencias , o pretensiones. <\/p>\r\n\r\n\r\n\r\n<p><strong>Tres niveles<\/strong><\/p>\r\n\r\n\r\n\r\n<p>\r\nEl contexto de la guerra debe ser entendida en tres niveles:&nbsp;\r\n<\/p>\r\n\r\n\r\n\r\n<p> Nivel 1: la lucha dentro de Georgia por el control de territorio,\r\nlibrada por motivos \u00e9tnicos,&nbsp; mini-estados (Georgia, Abjasia,\r\nOsset). <br><br>\r\nNivel 2: el enfrentamiento entre Georgia y Rusia. <br><br>\r\nNivel 3: la renovaci\u00f3n como&nbsp; gran potencia de parte de\r\nRusia,&nbsp; el\r\nenfrentamiento entre Rusia y Occidente, especialmente entre Rusia y los\r\nEE.UU. <br><br>\r\nOccidente&nbsp;&nbsp; en su propaganda insiste en el&nbsp; Nivel 2,\r\nconsiderando a&nbsp; Rusia como agresor&nbsp; y&nbsp;\r\na Georgia&nbsp; como v\u00edctima,&nbsp; al mismo tiempo ocultando su propio\r\npapel en\r\neste conflicto..\r\nRusia insiste en hacer su propia&nbsp; propaganda en el&nbsp; Nivel\r\n1,&nbsp;\r\nconsiderando a Georgia como el agresor,&nbsp; y Abjasios y Ossets como\r\nv\u00edctimas, y tambi\u00e9n en el&nbsp; nivel 3, considerando a&nbsp; los\r\nEE.UU. y sus\r\naliados como agresores,&nbsp; y Rusia como la&nbsp;\r\nv\u00edctima de ellos. <br><br>\r\nS\u00f3lo si nos enfocamos en el&nbsp; Nivel 3 no podr\u00edamos&nbsp; entender\r\ncuales son los prop\u00f3sitos de esta guerra <br><br><br><strong>Reclamando una esfera de influencia <\/strong><br><br>\r\nLos gobernantes de las grandes potencias&nbsp; a menudo\r\nconsideran&nbsp; las\r\nzonas&nbsp; fuera de sus fronteras immediatas&nbsp; como parte\r\nlegitima&nbsp; de sus&nbsp;\r\n&#8220;esfera de\r\ninfluencia.&#8221; as\u00ed, los EE.UU. consideran a&nbsp; Centroam\u00e9rica y el\r\nCaribe\r\ncomo&nbsp; su &#8220;patio\r\ntrasero&#8221;, mientras que Rusia se refiere a otras partes de la ex Uni\u00f3n\r\nSovi\u00e9tica como su &#8221; cerca en el extranjero&#8221;. &#8220;Ellos est\u00e1n interesados\r\nsobre todo para evitar los v\u00ednculos militares entre potencias externas\r\ny los estados en su esfera de influencia. Recordemos la crisis de los\r\nmisiles cubanos de 1962. <br><br>\r\nDespu\u00e9s de un per\u00edodo de debilidad,\r\nRusia reclama ser una gran potencia, y la vez quiere reclamar su\r\npropia&nbsp;\r\nesfera de influencia. En el terreno militar, los objetivos principales\r\nson prevenir Georgia y Ucrania de incorporarse a la OTAN y bloquear el\r\ndespliegue del sistemas de misiles antibal\u00edsticos en Polonia y la\r\nRep\u00fablica Checa. Adem\u00e1s, Rusia no permitir\u00e1 que Estados post-sovi\u00e9ticos\r\nquieran&nbsp; cooperar con los EE.UU. en&nbsp; cualquier ataque\r\nen&nbsp; contra de&nbsp;\r\nIr\u00e1n. <br><br><br>\r\n&nbsp;La&nbsp; operaci\u00f3n militar Rusia&nbsp; ha tenido \u00e9xito,\r\nmanteniendo a&nbsp; Georgia fuera\r\nde la OTAN en el futuro previsible: se ha puesto de manifiesto los\r\nriesgos que entra\u00f1a, y varios de los actuales Estados miembros de\r\nEuropa\r\nno est\u00e1n dispuestos a tomar esos riesgos. Otra meta de Rusia &#8211; a\u00fan no\r\nha sido logrado &#8211;&nbsp; y es&nbsp; derrocar&nbsp; a Saakashvili, que es\r\njustamente\r\nconsiderado como un cliente americano. (La &#8220;revoluci\u00f3n de las rosas&#8221;\r\nque le llev\u00f3 al poder en 2003 fue financiado por el gobierno de los\r\nEE.UU., a trav\u00e9s de organismos como el National Endowment for\r\nDemocracy.) <br><br><br><strong>Clases dominante de Occidente\r\nprofundamente dividida sobre el conflicto\r\nRuso<\/strong> <br><br>\r\nSer\u00eda un error interpretar incluso la reacci\u00f3n autom\u00e1tica y el apoyo de\r\nlos medios de comunicaci\u00f3n americanos para Georgia como un indicio\r\ninequ\u00edvoco de apoyo. Los EE.UU. y sus aliados (con Israel juega un\r\nimportante papel) crearon&nbsp; las condiciones para la guerra mediante\r\nel\r\nfomento de su aliado armando y entrenando sus fuerza militares. Sin\r\nembargo,\r\nparece que Saakashvili inici\u00f3 las hostilidades importantes por su\r\npropia iniciativa, sin solicitar la aprobaci\u00f3n previa de Bush, que\r\nestaba\r\ndisfrutando de los Juegos Ol\u00edmpicos en ese momento. Esto,\r\nevidentemente, ha&nbsp; causado cierta molestia. Los EE.UU. le neg\u00f3 el\r\napoyo\r\npr\u00e1ctico con&nbsp; el que contaba. Al igual que muchos ambiciosos e\r\ninexpertos pol\u00edticos&nbsp; antes de \u00e9l,&nbsp; se le fueron las\r\nmanos&nbsp; <br><br>\r\nDebemos\r\ntener en cuenta que la clase dominante occidental est\u00e1 profundamente\r\ndividido en relaci\u00f3n con la pol\u00edtica hacia Rusia. Algunas fuerzas,\r\nespecialmente en los EE.UU., est\u00e1n disgustados que Rusia ya no est\u00e1\r\nsubordinado a la occidental y la consideran una vez m\u00e1s como un\r\nadversario. Otras fuerzas tienen una opini\u00f3n m\u00e1s realista de los\r\ncambios en el equilibrio de poder mundial, se resisten a crear&nbsp;\r\ndemasiados enemigos y crear frentes de&nbsp; guerras a la vez, y\r\nquieren mantener una relaci\u00f3n de cooperaci\u00f3n con Rusia. Estas fuerzas\r\nson particularmente fuertes en los pa\u00edses de Europa Occidental que\r\ndependen del gas ruso. <br><br><br><strong>No vale la pena la guerra con Rusia<\/strong>\r\n<br><br>\r\nLa opini\u00f3n predominante entre nuestros amos , afortunadamente es,&nbsp;\r\nque no tienen intereses en juego en Georgia para ariesgarse a una\r\nguerra con Rusia. Tienen un solo&nbsp; importante inter\u00e9s\r\necon\u00f3mico en Georgia, que son&nbsp; los gasductos que conectan el\r\npetr\u00f3leo del\r\nCaspias,&nbsp;&nbsp; con el&nbsp; gas de Turqu\u00eda en la costa\r\nmediterr\u00e1nea (Bak\u00fa &#8211;\r\nCeyhan), que pasan por el sur del pa\u00eds. Es significativo que, aunque\r\nRusia bombardeo numerosos y valiosos bienes &nbsp; en Georgia se tom\u00f3\r\nel\r\ncuidado de no bombardear esas tuber\u00edas. Tal vez en secreto se les dio\r\ngarant\u00edas de que las tuber\u00edas no ser\u00eda da\u00f1ada. <br><br>\r\nLos\r\ngobernantes de Rusia no tienen&nbsp; realmente demasiado\r\nintereses&nbsp; econ\u00f3mico vitales&nbsp; (en\r\noposici\u00f3n a&nbsp; estrat\u00e9gicos )&nbsp; en Georgia. Abjasia ha sido\r\ndurante mucho tiempo su lugar favorito de vacaciones y todav\u00eda tiene un\r\ngran potencial tur\u00edstico. La parte oeste de&nbsp; Georgia&nbsp; es una\r\nfuente tradicional\r\nde,&nbsp; t\u00e9, tabaco, nueces y c\u00edtricos. <br><br><br><strong>La responsabilidad compartida <\/strong><br><br>\r\nNuestros corazones est\u00e1n con los muchos miles de personas de la clase\r\ntrabajadora que han soportado el peso del sufrimiento en esta guerra,\r\ncomo\r\nlo hacen, y lo han hecho&nbsp; en todas las guerras &#8211; cubriendose&nbsp;\r\naterrorizados en los s\u00f3tanos mientras los escombros de los edificios\r\nquemado caian&nbsp; encima de ellos provocandole&nbsp; la muerte,\r\ntediosas\r\ncaminata&nbsp; a lo largo de las&nbsp; carreteras, ya&nbsp; cansados,\r\ncon hambre,&nbsp; y sed producida por el calor del verano\u2026 <br><br>\r\nSin&nbsp;\r\nembargo,\r\ntambi\u00e9n tenemos que decir algo que podr\u00eda sonar descorazonador dadas\r\nlas\r\ncircunstancias. La mayor\u00eda de estas personas, que son simples\r\ntrabajadores, &nbsp; los adults entre ellos &#8211; comparten la\r\nresponsabilidad\r\nde esta&nbsp; dif\u00edcil situaci\u00f3n actual. debido a que fueron ellos los\r\nque\r\nles dieron apoyo y votaron&nbsp; a favor de los pol\u00edticos que ordenaron\r\nel\r\nbombardeo, las barricadas, y el fuego de artilleria , La mayor\u00eda de\r\nellos, al parecer, todav\u00eda est\u00e1n\r\ndispuestos a darle apoyo y votar por los mismos pol\u00edticos. Porque\r\ntodav\u00eda creen que la ubicaci\u00f3n de las fronteras nacionales\r\nimportan&nbsp;\r\nm\u00e1s,\r\ninfinitamente m\u00e1s,&nbsp; que sus propias vidas,&nbsp; o las vidas de\r\nsus hijos,&nbsp;&nbsp;\r\nven como su enemigo a los demas&nbsp; trabajadores como ellos,&nbsp;\r\nque resultan\r\nser de diferentes ascendencias nacionales&nbsp; y hablan un idioma\r\ndiferente. Mientras sigan persistiendo estas ideas, las cuales han\r\npersistido por un largo periodo, es muy seguro que esta no sera la\r\nultima guerra.<\/p>\r\n<p>(Socialist Standard, septiembre de 2008)<\/p>\r\n","protected":false},"excerpt":{"rendered":"<p>La guerra en Georgia parece que ha terminado Todav\u00eda no est\u00e1 claro c\u00f3mo se inici\u00f3 esta guerra . La primera gran acci\u00f3n militar de Georgia fue el bombardeo de Tskhinval, pero, algunos afirman que esta era una respuesta a la escalada de baja intensidad en la lucha contra las aldeas de Osetia del Sur que&#8230;<\/p>\n","protected":false},"author":1,"featured_media":0,"parent":0,"menu_order":0,"comment_status":"closed","ping_status":"closed","template":"","meta":{"magazine_newspaper_sidebar_layout":"","footnotes":""},"class_list":["post-1258","page","type-page","status-publish","hentry"],"_links":{"self":[{"href":"https:\/\/www.worldsocialism.org\/wsm\/wp-json\/wp\/v2\/pages\/1258","targetHints":{"allow":["GET"]}}],"collection":[{"href":"https:\/\/www.worldsocialism.org\/wsm\/wp-json\/wp\/v2\/pages"}],"about":[{"href":"https:\/\/www.worldsocialism.org\/wsm\/wp-json\/wp\/v2\/types\/page"}],"author":[{"embeddable":true,"href":"https:\/\/www.worldsocialism.org\/wsm\/wp-json\/wp\/v2\/users\/1"}],"replies":[{"embeddable":true,"href":"https:\/\/www.worldsocialism.org\/wsm\/wp-json\/wp\/v2\/comments?post=1258"}],"version-history":[{"count":2,"href":"https:\/\/www.worldsocialism.org\/wsm\/wp-json\/wp\/v2\/pages\/1258\/revisions"}],"predecessor-version":[{"id":5586,"href":"https:\/\/www.worldsocialism.org\/wsm\/wp-json\/wp\/v2\/pages\/1258\/revisions\/5586"}],"wp:attachment":[{"href":"https:\/\/www.worldsocialism.org\/wsm\/wp-json\/wp\/v2\/media?parent=1258"}],"curies":[{"name":"wp","href":"https:\/\/api.w.org\/{rel}","templated":true}]}}