{"id":1207,"date":"2019-03-13T00:30:22","date_gmt":"2019-03-13T00:30:22","guid":{"rendered":"https:\/\/wsm.prolerat.org\/?page_id=1207"},"modified":"2019-03-13T00:30:22","modified_gmt":"2019-03-13T00:30:22","slug":"breve-historia-del-partido-socialista-mundial-de-estados-unidos-wspus","status":"publish","type":"page","link":"https:\/\/www.worldsocialism.org\/wsm\/breve-historia-del-partido-socialista-mundial-de-estados-unidos-wspus\/","title":{"rendered":"Breve historia del Partido Socialista Mundial de Estados Unidos [WSPUS]"},"content":{"rendered":"\n<p>Breve\nhistoria hasta que los art\u00edculos que m\u00e1s profundizan est\u00e9n terminados<\/p>\n\n\n\n<p>La\nmayor\u00eda de los fundadores del PSMEU ( WSPUS ) fueron obreros de las\nf\u00e1bricas de\nautom\u00f3viles y miembros del Partido Socialista de Am\u00e9rica (PSA). Otros\nfueron\nmiembros del Partido Socialista de Canad\u00e1 (PSC) o del Partido\nSocialista de la\nGran Breta\u00f1a (PSGB), quienes hab\u00edan dejado sus lugares de origen para\nevitar\nser reclutados para la Primera Guerra Mundial. Animados por el r\u00e1pido\ncrecimiento del PSC y disgustados por lo que percib\u00edan como reformismo\nen\nascenso dentro del PSA, abandonaron en masa la Secci\u00f3n Detroit del PSA\ny con 42\nmiembros formaron el PSMEU el 7 de julio de 1916.<\/p>\n\n\n\n<p>El\nPSMEU ( WSPUS) naci\u00f3 con el nombre de Partido Socialista de Estados\nUnidos.\nPero ante la amenaza de ser demandados por el PSA por usar el nombre de\n\u00e9ste lo\ncambiaron de al actual Partido Socialista Mundial.<\/p>\n\n\n\n<p>El\nPSMEU(WSPUS) particip\u00f3 en los c\u00edrculos socialistas de izquierda de la\n\u00e9poca, en\nespecial con los Socialistas de M\u00edchigan, expulsados del PSA en 1918,\nquienes\nayudaron primero a formar el Partido Comunista de Am\u00e9rica (PCA) y\nposteriormente el Partido Proletario de Am\u00e9rica. Los grupos fueron\nformados en\nNueva York, Cleveland, Portland y San Francisco. El grupo \u201cproletario\u201d\ny el\nPSMEU se dividieron por el apoyo dado a la Uni\u00f3n Sovi\u00e9tica. El PSMEU\naplaudi\u00f3\nel retiro de los bolcheviques de la Primera Guerra Mundial, pero\npercibieron\nque la nueva URSS s\u00f3lo ser\u00eda un capitalismo de estado y por tanto no\ndeb\u00eda ser\napoyado. Los Proletarios consideraron que la URSS era un estado obrero\nque\nnecesitaba ser defendido.<\/p>\n\n\n\n<p>Al\nPSMEU (WSPUS) se le dio una p\u00e1gina regular en el Socialist Clarion,\nperi\u00f3dico\nsemanario del PSC, muy le\u00eddo en los c\u00edrculos socialistas de la\nizquierda\nnorteamericana.<\/p>\n\n\n\n<p>En\nlos a\u00f1os veinte, el PSM oper\u00f3 bajo el nombre de Sociedad Educativa\nSocialista\n(SES), adoptado durante la era Palmer de represi\u00f3n en contra de los\nrevolucionarios.\nHubo tres secciones durante el periodo del SES: la de Boston, la de\nDetroit y\nla de Nueva York. La secci\u00f3n NY fue la m\u00e1s activa y entre los actos que\nrealiz\u00f3\nestuvo la participaci\u00f3n de Louis Boudin como conferencista invitado. El\nSES\nvolvi\u00f3 a ser PSMEU en 1927 y empez\u00f3 a publicar su propia revista \u201cThe\nSocialist\u201d (El Socialista)<\/p>\n\n\n\n<p>Los\na\u00f1os de auge del PSM fueron de 1930 a la d\u00e9cada de los cuarenta, cuando\ntuvo\nalrededor de 150 miembros. En esa \u00e9poca los miembros del PSM tomaron\nparte\nactiva en el movimiento obrero, particularmente el del Sindicato de\nObreros de\nlas F\u00e1bricas de Autom\u00f3viles que un grupo del PSMEU (WSPUS) contribuy\u00f3 a\nformar,\ny tambi\u00e9n trabajaron con los Sindicatos de Tip\u00f3grafos de Nueva\nInglaterra.<\/p>\n","protected":false},"excerpt":{"rendered":"<p>Breve historia hasta que los art\u00edculos que m\u00e1s profundizan est\u00e9n terminados La mayor\u00eda de los fundadores del PSMEU ( WSPUS ) fueron obreros de las f\u00e1bricas de autom\u00f3viles y miembros del Partido Socialista de Am\u00e9rica (PSA). Otros fueron miembros del Partido Socialista de Canad\u00e1 (PSC) o del Partido Socialista de la Gran Breta\u00f1a (PSGB), quienes&#8230;<\/p>\n","protected":false},"author":1,"featured_media":0,"parent":0,"menu_order":0,"comment_status":"closed","ping_status":"closed","template":"","meta":{"magazine_newspaper_sidebar_layout":"","footnotes":""},"class_list":["post-1207","page","type-page","status-publish","hentry"],"_links":{"self":[{"href":"https:\/\/www.worldsocialism.org\/wsm\/wp-json\/wp\/v2\/pages\/1207","targetHints":{"allow":["GET"]}}],"collection":[{"href":"https:\/\/www.worldsocialism.org\/wsm\/wp-json\/wp\/v2\/pages"}],"about":[{"href":"https:\/\/www.worldsocialism.org\/wsm\/wp-json\/wp\/v2\/types\/page"}],"author":[{"embeddable":true,"href":"https:\/\/www.worldsocialism.org\/wsm\/wp-json\/wp\/v2\/users\/1"}],"replies":[{"embeddable":true,"href":"https:\/\/www.worldsocialism.org\/wsm\/wp-json\/wp\/v2\/comments?post=1207"}],"version-history":[{"count":0,"href":"https:\/\/www.worldsocialism.org\/wsm\/wp-json\/wp\/v2\/pages\/1207\/revisions"}],"wp:attachment":[{"href":"https:\/\/www.worldsocialism.org\/wsm\/wp-json\/wp\/v2\/media?parent=1207"}],"curies":[{"name":"wp","href":"https:\/\/api.w.org\/{rel}","templated":true}]}}